 - 936, -3*x - 2*k + 691 = -4*k. Is x composite?
False
Suppose 4955 = 10*h - 2055. Is h a composite number?
False
Let c(p) = p**2 + 3*p + 4. Let n be c(-3). Suppose 2*d + n*h - 2 = -d, -d + 5 = -3*h. Suppose 3*i = 3*a + 234, 3*a - 5*a + d = 0. Is i composite?
False
Let m(o) be the first derivative of 108*o**2 - o + 1. Is m(2) prime?
True
Suppose 0 = -3*i + 2*p, 3*i - 4*p = -0*p - 6. Let o be (i/6)/(2/12). Suppose 0 = -o*v + 3*v - 19. Is v a composite number?
False
Suppose -416 = -q + 419. Is q a prime number?
False
Let u(k) = -k**3 - 3*k**2 - k - 1. Suppose 0 = -5*g - 10 + 30. Suppose g = -a - 0. Is u(a) a prime number?
True
Let y be (2 - 4)*210/(-4). Suppose 2*v = v, 3*v = -5*o + y. Is o a composite number?
True
Let s be (-14)/10 - (-2)/5. Let p(y) be the third derivative of -23*y**6/60 + y**3/6 - 2*y**2. Is p(s) composite?
False
Suppose 0 = 5*g + 20 - 365. Is g composite?
True
Is 24/(-32) - 20805/(-12) a composite number?
False
Let m(t) = -t - 4. Let f be m(-6). Suppose -f*o - 3*i - 42 + 116 = 0, -5*o - 2*i + 185 = 0. Is o a prime number?
True
Let v = 2400 + -1433. Is v a prime number?
True
Suppose 0 = r + 14 + 46. Let h be (1/3)/(2/6). Is 0/(-3) - (h + r) composite?
False
Let h = -33 - -212. Is h composite?
False
Suppose -6*y = -y - 30. Let n(b) = 4*b**2 + 5*b + 1. Let z be n(-6). Suppose 0 = k - y*k + z. Is k a composite number?
False
Let t = -432 + 1223. Is t a prime number?
False
Let p(n) = -2*n - 2. Let w be p(-3). Suppose 2*j = 5*d + 9, -5*j + w*j + 2*d + 4 = 0. Suppose 2*q - l = 22, 0*l - j*l + 34 = 2*q. Is q a prime number?
True
Suppose -69*w - 6758 = -71*w. Is w a prime number?
False
Suppose -2*q + 3*q - f = 326, 0 = 2*q + 4*f - 682. Is q composite?
False
Let n(t) = -7*t**3 + 2*t**2 - 3*t - 8. Let i be n(-6). Suppose i = 3*s + 67. Is s a prime number?
True
Let z = 143 - -50. Suppose 2*p - 3*h + 63 = 199, 3*p = -h + z. Is p a composite number?
True
Suppose -5*r = -o - 11451, 0 - 20 = -5*o. Is r composite?
True
Suppose -27 - 2 = -2*y + 3*m, -3*y + 45 = -4*m. Is y prime?
True
Let n = -10 - -11. Suppose n = l - 11. Is (4/l)/((-1)/(-201)) a prime number?
True
Let t(b) = 68*b**2 + 10*b + 10. Is t(8) a prime number?
False
Is 20/5*1527/(-12)*-1 composite?
False
Let y(d) = 4*d. Let t be y(1). Let x(o) = 0*o**2 + 3*o + o**2 + 2 + t. Is x(-4) a composite number?
True
Let v(p) = 78*p**2 + 3*p + 14. Is v(5) prime?
True
Let h = 6 + -1. Suppose h*q + 167 = 2*a + 644, -5*a = -q + 100. Is q a prime number?
False
Let b(j) = -16*j**3 + j**2 - j. Let s be b(2). Let l = 226 + s. Suppose 0 = -r + 4*r + 5*q - 32, -5*r + q = -l. Is r a prime number?
True
Let a(b) = -b - 1. Let o be a(-3). Let v(x) = 8*x**2 + 2*x - 3. Is v(o) composite?
True
Suppose -5*l - h + 20 = 0, -h = -4*l + 3*l - 2. Let q(s) = 5*s**3 - 3*s**2 - 3*s - 2. Is q(l) composite?
False
Suppose 5*l - 44 + 2 = 2*j, 3*l = 3*j + 27. Let u = 1 - 1. Suppose 5*z - l*z + 75 = u. Is z a prime number?
False
Suppose -4*x = -120 - 1292. Is x prime?
True
Suppose 5*y = 9*y - 3676. Is y a prime number?
True
Let t be 0*(-2)/4*1. Suppose t*m + 5*m - 185 = 0. Is m prime?
True
Is ((-2)/(-4))/(7/(-14))*-841 prime?
False
Is ((-212)/(-6))/((-4)/(-42)) composite?
True
Let r = -44 - -94. Suppose -3*d = -r + 5. Is (-2)/3 + 775/d prime?
False
Let p = -854 - -1549. Is p composite?
True
Let c(g) = 5*g**2 + 4*g + 3. Is c(8) prime?
False
Let u(r) = 50*r - 44. Let i(l) = 17*l - 15. Let s(b) = -8*i(b) + 3*u(b). Is s(5) prime?
False
Let d be 18/3*(-1)/(-3). Suppose 13 + 21 = d*w. Suppose y - w = 80. Is y composite?
False
Suppose 3*r = 5076 + 4029. Is r a prime number?
False
Let m(x) = 599*x**3. Is m(1) prime?
True
Suppose -5*b - u = -2*u + 20, -5*b + 4*u - 35 = 0. Let k(f) = -f**3 - 2*f**2 - 4*f - 2. Is k(b) a prime number?
True
Is ((-74)/2)/(1 - 2) a prime number?
True
Let t(d) = 6*d**2 - d. Let q be t(-1). Suppose 0 = -q*l + 3*l + 84. Is l a composite number?
True
Let o = 1619 + -1065. Is o composite?
True
Let n(s) = -40*s + 1. Let g(m) = -119*m + 3. Let c(w) = -4*g(w) + 11*n(w). Let y = 1 - 0. Is c(y) composite?
True
Suppose 10*d - 29542 = -10892. Is d a prime number?
False
Suppose -10*x = -6*x. Suppose x = -s - 2*s - i + 55, 2*s + 4*i - 30 = 0. Is s a composite number?
False
Is ((-5826)/(-9))/((-2)/3*-1) prime?
True
Let r(s) = -s + 1. Let w(v) = 17*v - 4. Let m(x) = -2*r(x) - w(x). Let y(g) = -g**3 + 9*g**2 - 5. Let j be y(9). Is m(j) composite?
True
Suppose 3*n + 170 = 41. Is 0/(-1) - (6 + n) composite?
False
Suppose 0 = -2*n + 348 + 126. Is n composite?
True
Let u(p) = -p**3 + 7*p**2 + 5*p + 8. Let m be u(6). Let q = 545 + -354. Suppose -w + m = -6*f + f, -f + q = 4*w. Is w composite?
True
Suppose -2*b = 3*f - 2431, 0 = f + 3*f + 4*b - 3244. Is f a prime number?
True
Suppose 2*w = 2*a - 6, 4*a + 9 = 3*a - 2*w. Is a/4 + 1575/12 a prime number?
True
Let t(h) = h**2 - 6*h - 12. Suppose 4*a - 42 - 10 = 0. Is t(a) composite?
False
Let i be 3/(12/(-9) + 1). Let m = i + 15. Let y(w) = 10*w - 7. Is y(m) prime?
True
Let o(a) = 6*a**2 - 2*a - 2. Let x be o(-2). Let z = 46 - x. Suppose -4*h + 99 = 5*w, z = 4*w - 2*h - 54. Is w composite?
False
Let k(o) = 20*o**2 + 3*o + 5. Let p(s) = -19*s**2 - 3*s - 5. Let u(d) = -5*k(d) - 6*p(d). Is u(-2) composite?
True
Let h(t) = -27*t**3 - 3*t**2 + t + 7. Is h(-2) prime?
False
Is 9/(45/(-5)) - (-636 + 0) composite?
True
Let s(o) = 363*o - 5. Is s(2) a prime number?
False
Is (3/(-12))/((-3)/3804) a prime number?
True
Let t(o) = o. Let d(g) = 135*g - 2. Let p(m) = -d(m) + 6*t(m). Is p(-5) composite?
False
Suppose 5*p + 4*r = 1047, 3*p + 6*r - 3*r = 627. Is p a prime number?
True
Let b(p) = p**3 - 6*p**2 + 5*p - 7. Let h = -7 + 12. Suppose -h*v - 34 = -4*r, 5 + 3 = -4*v. Is b(r) a prime number?
True
Suppose -5*n - 418 = -6*n. Suppose -3*j = -n - 29. Is j a composite number?
False
Let j be (2 - (0 + 2))*-1. Suppose p - 1 = j, 0*h + h + 4*p = 160. Let a = -43 + h. Is a prime?
True
Suppose -2*g = -3*y + 78, 0 = y + 4*g - 9 - 17. Is y a composite number?
True
Let o = 8 + -9. Let g(b) = -4*b**3 + b**2 - b - 1. Let x be g(o). Suppose -4*i + x*i = 5*p + 22, 0 = 5*p. Is i composite?
True
Suppose 5*m - 20 = 0, 2*w - 2*m + 4*m - 14 = 0. Suppose -w*b = -k + 18, 26 - 6 = 4*k + b. Is k prime?
False
Suppose 3 = -b + 6. Suppose 3*n = b*l - 270, -3*n + 4*n + 345 = 4*l. Is l a composite number?
True
Let w(o) be the first derivative of -7*o**2/2 + 12*o + 3. Let i = -33 + 22. Is w(i) prime?
True
Suppose k = 1 + 3. Is 1/2*(k - -102) a composite number?
False
Suppose -2*v + y + 2875 = 4*y, 4*v - 5755 = -y. Is v prime?
True
Let j = 83 - -69. Suppose -5*z - 12 = -j. Suppose z - 8 = -5*l, 3*l = -x + 65. Is x a composite number?
True
Let r(d) = -d**3 - 7*d**2 + 4*d - 5. Is r(-9) a composite number?
True
Let t be (-1 - 2/6)*-3. Suppose 2003 = t*y + 127. Is y a composite number?
True
Let a be (-312)/(-18)*12/(-8). Let u = -52 - 25. Let o = a - u. Is o composite?
True
Suppose -2*a + 462 = a. Suppose 0 = -2*s - h + a, 0 = 3*s + 5*h - 294 + 77. Is s a composite number?
False
Suppose 0 = -4*p - 0*p + 20. Suppose 0 = -5*b - 4*x + 1284, p*b - 6*x + 3*x - 1312 = 0. Suppose -d + b = 3*d. Is d prime?
False
Suppose -3479 = -8*w + w. Is w a prime number?
False
Let f(v) be the third derivative of v**5/20 + v**4/24 - v**3/6 + v**2. Let z be f(-3). Is (0 + 1)/(1/z) a prime number?
True
Let x(d) = -d**3 - d**2 - 3*d + 8. Let p be x(-6). Suppose -3*s + s + p = 0. Is s a composite number?
False
Suppose 2*b - 584 = 2*l, 0*b + 3*l - 609 = -2*b. Suppose 3*f - 4*f + b = -2*s, 3*f - 883 = 2*s. Is f a composite number?
False
Let n = 151 - 140. Is n composite?
False
Suppose -4*b + 20 = 2*m, m - 13 = -4*b + 5. Suppose m*h - h - 129 = 0. Is (h/9)/((-2)/(-6)) composite?
False
Let p(n) be the first derivative of n**7/840 + n**6/72 + n**5/60 - n**4/8 - n**3/3 - 1. Let d(j) be the third derivative of p(j). Is d(-3) composite?
True
Suppose 0 = -3*x + 261 + 237. Let g = x - -189. Is g a composite number?
True
Suppose -2*v + 5*j = -165, -5*j + 39 = v - 21. Let o = -50 + v. Let l = 44 - o. Is l composite?
False
Let f = 309 + 264. Is f a prime number?
False
Suppose -b + 4*d + 108 = -0*b, -2*d = 3*b - 324. Suppose 4*n = 2*n - t + b, 2*n + 2*t = 110. Is n prime?
True
Let y(i) = i**3 + i - 1. Let d be y(0). Let s = -8 + d. Let j(t) = -13*t + 10. Is j(s)